y g.
105
Let k(d) = -154*d - 2402. Calculate the remainder when k(-18) is divided by 85.
30
Suppose -g = -p - 244, 1211 = -62*p + 57*p - 4*g. Let u = p + 290. Calculate the remainder when 81 is divided by u.
34
Let r = -21960 + 21964. What is the remainder when 1788 is divided by r?
0
Calculate the remainder when 548 is divided by ((-1)/((-3)/22))/((-107)/(-321)).
20
Calculate the remainder when 85 is divided by (2 - 8/(-10)*-1)/(84/3990).
28
Let s(l) = -l**3 - 14*l**2 + 12*l - 1. Let p = 17 - 69. Let x = -40 - p. Calculate the remainder when s(-15) is divided by x.
8
Let f(h) = 24*h**2 + 23*h - 94. What is the remainder when f(5) is divided by 24?
21
Let h(a) = 115*a - 7. Let t be (0 - 2)/((-14)/7 - 0). Suppose o + 44 = 3*o. Calculate the remainder when h(t) is divided by o.
20
Suppose -2*r - 2*v = -30, 4*r = v + v + 30. Suppose 0*f - p = f - 43, -3*p - 51 = -f. Let h = f - 43. Calculate the remainder when r is divided by h.
0
Suppose 2*a - 4*z - 38 = 0, -4*a + 14*z = 18*z - 64. Suppose 5*i = -20, 4*j - 4*i - 208 = i. Calculate the remainder when j is divided by a.
13
Let b(n) be the second derivative of 77*n**5/20 - n**4/6 - n**3/6 + n**2 - n. Suppose -42 + 48 = 6*l. What is the remainder when b(l) is divided by 40?
36
Suppose 0 = 72*g - 1947 + 1155. What is the remainder when (1 + 437)*(-2 - -3) is divided by g?
9
Let b(w) = -3*w**3 + 10*w**2 + 170*w + 23. What is the remainder when b(-10) is divided by 166?
165
Suppose 238*n + 1670 = 7227 + 3963. What is the remainder when (16/6)/(2/237) is divided by n?
36
Let y = -87 - 33. Calculate the remainder when y/(-150) + (-116)/(-5) is divided by 16.
8
Calculate the remainder when 6250 is divided by (0 - -6 - (-1 + 1)) + (-48)/(-8).
10
Let s(j) = -84*j - 1. Suppose 2*f + 4*c - 9 - 17 = 0, c = -f + 10. Calculate the remainder when s(-1) is divided by f.
6
Let y(r) = 12*r**2 + 63*r - 33. What is the remainder when y(7) is divided by 92?
76
Suppose 4*y = -4*k + 3264, -153*y - 3*k = -151*y - 1631. What is the remainder when y is divided by 134?
13
Suppose -4*l - s + 413 + 250 = 0, 2*l - 3*s - 349 = 0. Suppose 8 = 5*g - l. Calculate the remainder when g is divided by 10.
5
Let p = -3636 + 4018. Calculate the remainder when 1155 is divided by p.
9
Let d(z) = -1521*z**2 - 9 + 767*z**2 + 772*z**2 - 8*z. What is the remainder when 3/3 + 31*2 is divided by d(-1)?
12
Suppose 0 = 2*s, 2*s = 3*z - 9 + 3. Suppose z*o - 34 = 12*u - 15*u, 3*o + u - 58 = 0. Calculate the remainder when 258 is divided by o.
18
Suppose -2*d + 35 = 3*h, 3*d + 8*h - 48 = 5*h. Let j = 192 + -143. What is the remainder when j is divided by d?
10
Let a be (-8)/2 + 2 + 2. Suppose a = 4*t, -w + 4 = 6*t - 5*t. Calculate the remainder when 33 is divided by w.
1
Let y = -680 - -721. Suppose 7*s - 72 = 4*s. What is the remainder when y is divided by s?
17
Let c = 173 + -170. Suppose c*o + 128 = m + 6*m, 4*o + 46 = 2*m. What is the remainder when 64 is divided by m?
13
Let k(g) = -2*g**3 + 13*g**2 - 5*g - 24. What is the remainder when 414 is divided by k(5)?
24
Suppose 99*n - 104*n = -25. Suppose -n*s + 21 = -269. Calculate the remainder when s is divided by 11.
3
Let b = 4378 + -4113. What is the remainder when 1004 is divided by b?
209
Suppose 46*k - 51*k + 5*s + 125 = 0, -21 = -k + 2*s. Let h = 41 + 360. What is the remainder when h is divided by k?
24
Let y = 8066 + -8003. What is the remainder when 2896 is divided by y?
61
Let g(i) = 3*i**2 - 154*i + 726. What is the remainder when 308 is divided by g(5)?
29
Let y(s) = -s**3 + 10*s**2 + 11*s + 4. Let d be y(11). Let n = -81 + 109. What is the remainder when n is divided by (d/8)/(1/34)?
11
Let b = 336 + -332. Suppose l - 3*t - 71 + 25 = 0, -b*l + 139 = 3*t. Calculate the remainder when 117 is divided by l.
6
Suppose -25*k + 20988 = 9713. Calculate the remainder when k is divided by 60.
31
Let k be (-5 - -2 - -3)/((-108)/27). Suppose k = -6*z + 7*z + 2*t - 408, 3*t - 1218 = -3*z. Calculate the remainder when z is divided by 27.
26
Suppose -63*h + 7743 + 7528 = 5443. What is the remainder when 1237 is divided by h?
145
Let x = -50 + 77. Let g = 714 - 1092. What is the remainder when (-40362)/g - (-4)/18 is divided by x?
26
Suppose 47*g - 21*g - 410 - 4296 = 0. Calculate the remainder when 5246 is divided by g.
178
Suppose 20*f - 2*y + 135 = 21*f, 3*y = -4*f + 535. Calculate the remainder when f is divided by 47.
39
Let i(l) = 405*l + 51. What is the remainder when i(6) is divided by 54?
51
Suppose -30*q = -31*q + 4*k + 6, 2*k = 5*q - 12. Suppose 0 = 5*a - q*a + 3*o - 375, 473 = 4*a - 5*o. What is the remainder when a is divided by 18?
14
Suppose 9*x = 8*x + 8169. Suppose 1145*w = 1152*w - x. Calculate the remainder when w is divided by 26.
23
Let d = 7547 + -6679. Calculate the remainder when d is divided by 13.
10
Suppose 0 = 3*c + c - 20, -2*i + 2*c = -138. What is the remainder when i is divided by (-2)/((-10)/115) - (-1 - 2)?
22
Suppose 0 = 2*k + 5*f - 17, -20*k + 25*k - 54 = -f. Suppose 27 = -p + 90. Calculate the remainder when p is divided by k.
8
Let s = -763 - -941. Let z be (-4)/10 - (-27)/(-45). Calculate the remainder when s is divided by (0 + -3 - z) + 47.
43
Let k(t) = 6*t**2 - 20. Let r(a) = 7*a**2 - 41*a - 2. Let s be r(6). What is the remainder when k(s) is divided by 29?
18
Suppose -3*z - 8916 = -z - 5*z. Calculate the remainder when z is divided by 35.
32
Suppose 0 = y + 1 + 4. Let a be (-5)/1 - ((y - -2) + 5). Calculate the remainder when (a/(-2) - 2)*14 is divided by 12.
9
Suppose -4*i + 56 = 36. Suppose -2*p - 201 = -i*p. Calculate the remainder when p is divided by 14.
11
Suppose 106*z - 110*z = -q - 86, 2*z = -4*q + 70. Let m(b) = -b**2 - 6*b + 1. Calculate the remainder when z is divided by m(-4).
5
Suppose 4*u = -8, -20*u + 28 = w - 24*u. Calculate the remainder when 363 is divided by w.
3
Let m = 14625 - 10442. What is the remainder when m is divided by 2091?
1
Let a(q) = 53 - q**2 + 2*q**3 - q - q**3 + 0*q. What is the remainder when a(0) is divided by (6118/(-57))/23*-3?
11
Let f = -3832 - -3861. What is the remainder when 92 is divided by f?
5
Let z(f) = -3*f + 22. Let c be z(6). Suppose -3*g - c*b + 3*b + 764 = 0, -1271 = -5*g - 4*b. Calculate the remainder when g is divided by 43.
40
What is the remainder when 4*12 + 5 + -5 is divided by ((-2)/(-7))/((-5742)/(-819) + -7)?
22
Let v(o) be the third derivative of -13*o**4/12 - 13*o**3/6 + 6*o**2. Let n be v(-7). Suppose -4*l + n = 45. What is the remainder when l is divided by 16?
15
Let q(m) = -4*m**3 + 5*m**2 - 7*m + 13. Let c be q(3). Let y = 62 - -34. Let x = y + c. Calculate the remainder when 148 is divided by x.
23
Suppose -156 = 2*u - 3*u. Suppose 5*a - u = 149. What is the remainder when a is divided by 8?
5
Suppose -169*b - 546 = -166*b. Let z = -121 - b. What is the remainder when z is divided by 25?
11
Let m(d) = d - 15. Let o be m(13). Calculate the remainder when 51 is divided by 31 + o/(-8)*0.
20
Let h(o) = o**2 + 41*o + 972. Calculate the remainder when h(-26) is divided by 290.
2
Let d(r) = 3*r**2 - 4*r + 5. Let u = -565 - -852. Calculate the remainder when u is divided by d(2).
8
Let c(x) = 11 + 8 + 10*x + 11. Let v be c(-4). Calculate the remainder when 117 is divided by (26/(-8) - (-5)/20)*v.
27
Let v = -1226 - -1374. Let f = -5 - -8. Let j(u) = 3*u**2 + 3. Calculate the remainder when v is divided by j(f).
28
Let n(v) = -3*v**2 - 11*v + 25. Let j(w) = -7*w**2 - 23*w + 52. Let r(z) = 2*j(z) - 5*n(z). What is the remainder when 487 is divided by r(-14)?
46
What is the remainder when (1 + -420)/(((-35)/(-7))/(-5)) is divided by (-1855)/(-21)*(-9)/(-15)?
48
Let c = 530 - 113. Calculate the remainder when c is divided by ((-900)/(-1980))/(4/132).
12
Suppose -2981 = -4*x + 3*v, -6*v - 761 = -x - 0*v. Calculate the remainder when x is divided by 256.
231
Let m = 15922 + -15551. What is the remainder when 1138 is divided by m?
25
What is the remainder when 209 is divided by ((-28)/8 + -5)/((-8)/192)?
5
Let u be ((-1 - (1 + 1)) + 0)*-30. Suppose 2*v - u = -v. Suppose -3*d - 6 = -v. Calculate the remainder when 37 is divided by d.
5
Let k be (2 - 0) + (2 - (4 + -272)). Suppose m + k = 5*h, -5*h - 2*m - 49 = -6*h. What is the remainder when h is divided by 20?
15
Let b(v) = -56*v - 155. Let l be 